{"id":39878,"date":"2023-07-07T20:41:27","date_gmt":"2023-07-07T20:41:27","guid":{"rendered":"https:\/\/holycross.com\/?post_type=event&#038;p=39878"},"modified":"2023-07-07T21:42:59","modified_gmt":"2023-07-07T21:42:59","slug":"brats-kilowatts-vail-summer-concert-series","status":"publish","type":"event","link":"https:\/\/www.holycross.com\/es\/blog\/event\/brats-kilowatts-vail-summer-concert-series","title":{"rendered":"Brats &amp; Kilowatts \/ Serie de conciertos de verano de Vail"},"content":{"rendered":"<p>Una edici\u00f3n especial de Brats &amp; Kilowatts, que abre con un espect\u00e1culo en vivo gratuito desde\u00a0<a href=\"https:\/\/grfavail.com\/event\/the-dip\/\">La inmersi\u00f3n<\/a>!<\/p>\n<p>Los miembros de HCE disfrutan de un mocoso y una cerveza gratis si llega entre las 5 y las 6 p. m. Estaremos all\u00ed para conversar sobre c\u00f3mo podemos ayudarlo a alcanzar sus objetivos de energ\u00eda y escuchar c\u00f3mo ayudamos al Anfiteatro Gerald R. Ford.\u00a0<a href=\"https:\/\/www.vaildaily.com\/news\/eagle-valley\/gerald-r-ford-amphitheater-to-get-solar-panels\/\">instalar paneles solares recientemente<\/a>\u00a0y recortaron 25% de su consumo de electricidad.<\/p>\n<p><a href=\"https:\/\/www.holycross.com\/brats\" target=\"_blank\" rel=\"noopener\">Confirma tu asistencia AQU\u00cd<\/a><\/p>","protected":false},"featured_media":39879,"template":"","event-month":[37],"class_list":["post-39878","event","type-event","status-publish","has-post-thumbnail","hentry","event-month-june"],"acf":[],"yoast_head":"<!-- This site is optimized with the Yoast SEO plugin v27.5 - https:\/\/yoast.com\/product\/yoast-seo-wordpress\/ -->\n<title>Brats &amp; Kilowatts \/ Vail Summer Concert Series - Holy Cross Energy<\/title>\n<meta name=\"robots\" content=\"index, follow, max-snippet:-1, max-image-preview:large, max-video-preview:-1\" \/>\n<link rel=\"canonical\" href=\"https:\/\/www.holycross.com\/es\/blog\/event\/brats-kilowatts-vail-summer-concert-series\/\" \/>\n<meta property=\"og:locale\" content=\"es_MX\" \/>\n<meta property=\"og:type\" content=\"article\" \/>\n<meta property=\"og:title\" content=\"Brats &amp; Kilowatts \/ Vail Summer Concert Series - Holy Cross Energy\" \/>\n<meta property=\"og:description\" content=\"A special edition of Brats &amp; Kilowatts, opening for a free live show from\u00a0The Dip! HCE members enjoy a free brat and beer on us if you arrive between 5 and 6 p.m. We\u2019ll be there to chat about how we can help you reach...\" \/>\n<meta property=\"og:url\" content=\"https:\/\/www.holycross.com\/es\/blog\/event\/brats-kilowatts-vail-summer-concert-series\/\" \/>\n<meta property=\"og:site_name\" content=\"Holy Cross Energy\" \/>\n<meta property=\"article:modified_time\" content=\"2023-07-07T21:42:59+00:00\" \/>\n<meta property=\"og:image\" content=\"https:\/\/www.holycross.com\/wp-content\/uploads\/2023\/07\/Brats_Vail_July2023.jpg\" \/>\n\t<meta property=\"og:image:width\" content=\"1080\" \/>\n\t<meta property=\"og:image:height\" content=\"920\" \/>\n\t<meta property=\"og:image:type\" content=\"image\/jpeg\" \/>\n<meta name=\"twitter:card\" content=\"summary_large_image\" \/>\n<script type=\"application\/ld+json\" class=\"yoast-schema-graph\">{\"@context\":\"https:\\\/\\\/schema.org\",\"@graph\":[{\"@type\":\"WebPage\",\"@id\":\"https:\\\/\\\/www.holycross.com\\\/blog\\\/event\\\/brats-kilowatts-vail-summer-concert-series\",\"url\":\"https:\\\/\\\/www.holycross.com\\\/blog\\\/event\\\/brats-kilowatts-vail-summer-concert-series\",\"name\":\"Brats & Kilowatts \\\/ Vail Summer Concert Series - Holy Cross Energy\",\"isPartOf\":{\"@id\":\"https:\\\/\\\/www.holycross.com\\\/#website\"},\"primaryImageOfPage\":{\"@id\":\"https:\\\/\\\/www.holycross.com\\\/blog\\\/event\\\/brats-kilowatts-vail-summer-concert-series#primaryimage\"},\"image\":{\"@id\":\"https:\\\/\\\/www.holycross.com\\\/blog\\\/event\\\/brats-kilowatts-vail-summer-concert-series#primaryimage\"},\"thumbnailUrl\":\"https:\\\/\\\/www.holycross.com\\\/wp-content\\\/uploads\\\/2023\\\/07\\\/Brats_Vail_July2023.jpg\",\"datePublished\":\"2023-07-07T20:41:27+00:00\",\"dateModified\":\"2023-07-07T21:42:59+00:00\",\"breadcrumb\":{\"@id\":\"https:\\\/\\\/www.holycross.com\\\/blog\\\/event\\\/brats-kilowatts-vail-summer-concert-series#breadcrumb\"},\"inLanguage\":\"es\",\"potentialAction\":[{\"@type\":\"ReadAction\",\"target\":[\"https:\\\/\\\/www.holycross.com\\\/blog\\\/event\\\/brats-kilowatts-vail-summer-concert-series\"]}]},{\"@type\":\"ImageObject\",\"inLanguage\":\"es\",\"@id\":\"https:\\\/\\\/www.holycross.com\\\/blog\\\/event\\\/brats-kilowatts-vail-summer-concert-series#primaryimage\",\"url\":\"https:\\\/\\\/www.holycross.com\\\/wp-content\\\/uploads\\\/2023\\\/07\\\/Brats_Vail_July2023.jpg\",\"contentUrl\":\"https:\\\/\\\/www.holycross.com\\\/wp-content\\\/uploads\\\/2023\\\/07\\\/Brats_Vail_July2023.jpg\",\"width\":1080,\"height\":920},{\"@type\":\"BreadcrumbList\",\"@id\":\"https:\\\/\\\/www.holycross.com\\\/blog\\\/event\\\/brats-kilowatts-vail-summer-concert-series#breadcrumb\",\"itemListElement\":[{\"@type\":\"ListItem\",\"position\":1,\"name\":\"Home\",\"item\":\"https:\\\/\\\/www.holycross.com\\\/\"},{\"@type\":\"ListItem\",\"position\":2,\"name\":\"Brats &#038; Kilowatts \\\/ Vail Summer Concert Series\"}]},{\"@type\":\"WebSite\",\"@id\":\"https:\\\/\\\/www.holycross.com\\\/#website\",\"url\":\"https:\\\/\\\/www.holycross.com\\\/\",\"name\":\"Holy Cross Energy\",\"description\":\"\",\"publisher\":{\"@id\":\"https:\\\/\\\/www.holycross.com\\\/#organization\"},\"potentialAction\":[{\"@type\":\"SearchAction\",\"target\":{\"@type\":\"EntryPoint\",\"urlTemplate\":\"https:\\\/\\\/www.holycross.com\\\/?s={search_term_string}\"},\"query-input\":{\"@type\":\"PropertyValueSpecification\",\"valueRequired\":true,\"valueName\":\"search_term_string\"}}],\"inLanguage\":\"es\"},{\"@type\":\"Organization\",\"@id\":\"https:\\\/\\\/www.holycross.com\\\/#organization\",\"name\":\"Holy Cross Energy\",\"url\":\"https:\\\/\\\/www.holycross.com\\\/\",\"logo\":{\"@type\":\"ImageObject\",\"inLanguage\":\"es\",\"@id\":\"https:\\\/\\\/www.holycross.com\\\/#\\\/schema\\\/logo\\\/image\\\/\",\"url\":\"https:\\\/\\\/www.holycross.com\\\/wp-content\\\/uploads\\\/2022\\\/07\\\/HCE-NEW-LOGO-GREEN.png\",\"contentUrl\":\"https:\\\/\\\/www.holycross.com\\\/wp-content\\\/uploads\\\/2022\\\/07\\\/HCE-NEW-LOGO-GREEN.png\",\"width\":288,\"height\":288,\"caption\":\"Holy Cross Energy\"},\"image\":{\"@id\":\"https:\\\/\\\/www.holycross.com\\\/#\\\/schema\\\/logo\\\/image\\\/\"}}]}<\/script>\n<!-- \/ Yoast SEO plugin. -->","yoast_head_json":{"title":"Brats & Kilowatts \/ Vail Summer Concert Series - Holy Cross Energy","robots":{"index":"index","follow":"follow","max-snippet":"max-snippet:-1","max-image-preview":"max-image-preview:large","max-video-preview":"max-video-preview:-1"},"canonical":"https:\/\/www.holycross.com\/es\/blog\/event\/brats-kilowatts-vail-summer-concert-series\/","og_locale":"es_MX","og_type":"article","og_title":"Brats & Kilowatts \/ Vail Summer Concert Series - Holy Cross Energy","og_description":"A special edition of Brats &amp; Kilowatts, opening for a free live show from\u00a0The Dip! HCE members enjoy a free brat and beer on us if you arrive between 5 and 6 p.m. We\u2019ll be there to chat about how we can help you reach...","og_url":"https:\/\/www.holycross.com\/es\/blog\/event\/brats-kilowatts-vail-summer-concert-series\/","og_site_name":"Holy Cross Energy","article_modified_time":"2023-07-07T21:42:59+00:00","og_image":[{"width":1080,"height":920,"url":"https:\/\/www.holycross.com\/wp-content\/uploads\/2023\/07\/Brats_Vail_July2023.jpg","type":"image\/jpeg"}],"twitter_card":"summary_large_image","schema":{"@context":"https:\/\/schema.org","@graph":[{"@type":"WebPage","@id":"https:\/\/www.holycross.com\/blog\/event\/brats-kilowatts-vail-summer-concert-series","url":"https:\/\/www.holycross.com\/blog\/event\/brats-kilowatts-vail-summer-concert-series","name":"Brats & Kilowatts \/ Vail Summer Concert Series - Holy Cross Energy","isPartOf":{"@id":"https:\/\/www.holycross.com\/#website"},"primaryImageOfPage":{"@id":"https:\/\/www.holycross.com\/blog\/event\/brats-kilowatts-vail-summer-concert-series#primaryimage"},"image":{"@id":"https:\/\/www.holycross.com\/blog\/event\/brats-kilowatts-vail-summer-concert-series#primaryimage"},"thumbnailUrl":"https:\/\/www.holycross.com\/wp-content\/uploads\/2023\/07\/Brats_Vail_July2023.jpg","datePublished":"2023-07-07T20:41:27+00:00","dateModified":"2023-07-07T21:42:59+00:00","breadcrumb":{"@id":"https:\/\/www.holycross.com\/blog\/event\/brats-kilowatts-vail-summer-concert-series#breadcrumb"},"inLanguage":"es","potentialAction":[{"@type":"ReadAction","target":["https:\/\/www.holycross.com\/blog\/event\/brats-kilowatts-vail-summer-concert-series"]}]},{"@type":"ImageObject","inLanguage":"es","@id":"https:\/\/www.holycross.com\/blog\/event\/brats-kilowatts-vail-summer-concert-series#primaryimage","url":"https:\/\/www.holycross.com\/wp-content\/uploads\/2023\/07\/Brats_Vail_July2023.jpg","contentUrl":"https:\/\/www.holycross.com\/wp-content\/uploads\/2023\/07\/Brats_Vail_July2023.jpg","width":1080,"height":920},{"@type":"BreadcrumbList","@id":"https:\/\/www.holycross.com\/blog\/event\/brats-kilowatts-vail-summer-concert-series#breadcrumb","itemListElement":[{"@type":"ListItem","position":1,"name":"Home","item":"https:\/\/www.holycross.com\/"},{"@type":"ListItem","position":2,"name":"Brats &#038; Kilowatts \/ Vail Summer Concert Series"}]},{"@type":"WebSite","@id":"https:\/\/www.holycross.com\/#website","url":"https:\/\/www.holycross.com\/","name":"Holy Cross Energy","description":"","publisher":{"@id":"https:\/\/www.holycross.com\/#organization"},"potentialAction":[{"@type":"SearchAction","target":{"@type":"EntryPoint","urlTemplate":"https:\/\/www.holycross.com\/?s={search_term_string}"},"query-input":{"@type":"PropertyValueSpecification","valueRequired":true,"valueName":"search_term_string"}}],"inLanguage":"es"},{"@type":"Organization","@id":"https:\/\/www.holycross.com\/#organization","name":"Holy Cross Energy","url":"https:\/\/www.holycross.com\/","logo":{"@type":"ImageObject","inLanguage":"es","@id":"https:\/\/www.holycross.com\/#\/schema\/logo\/image\/","url":"https:\/\/www.holycross.com\/wp-content\/uploads\/2022\/07\/HCE-NEW-LOGO-GREEN.png","contentUrl":"https:\/\/www.holycross.com\/wp-content\/uploads\/2022\/07\/HCE-NEW-LOGO-GREEN.png","width":288,"height":288,"caption":"Holy Cross Energy"},"image":{"@id":"https:\/\/www.holycross.com\/#\/schema\/logo\/image\/"}}]}},"_links":{"self":[{"href":"https:\/\/www.holycross.com\/es\/wp-json\/wp\/v2\/event\/39878","targetHints":{"allow":["GET"]}}],"collection":[{"href":"https:\/\/www.holycross.com\/es\/wp-json\/wp\/v2\/event"}],"about":[{"href":"https:\/\/www.holycross.com\/es\/wp-json\/wp\/v2\/types\/event"}],"version-history":[{"count":3,"href":"https:\/\/www.holycross.com\/es\/wp-json\/wp\/v2\/event\/39878\/revisions"}],"predecessor-version":[{"id":39953,"href":"https:\/\/www.holycross.com\/es\/wp-json\/wp\/v2\/event\/39878\/revisions\/39953"}],"wp:featuredmedia":[{"embeddable":true,"href":"https:\/\/www.holycross.com\/es\/wp-json\/wp\/v2\/media\/39879"}],"wp:attachment":[{"href":"https:\/\/www.holycross.com\/es\/wp-json\/wp\/v2\/media?parent=39878"}],"wp:term":[{"taxonomy":"event-month","embeddable":true,"href":"https:\/\/www.holycross.com\/es\/wp-json\/wp\/v2\/event-month?post=39878"}],"curies":[{"name":"wp","href":"https:\/\/api.w.org\/{rel}","templated":true}]}}

<p>Una edición especial de Brats &amp; Kilowatts, que abre con un espectáculo en vivo gratuito desde <a href="https://grfavail.com/event/the-dip/">La inmersión</a>!</p>
<p>Los miembros de HCE disfrutan de un mocoso y una cerveza gratis si llega entre las 5 y las 6 p. m. Estaremos allí para conversar sobre cómo podemos ayudarlo a alcanzar sus objetivos de energía y escuchar cómo ayudamos al Anfiteatro Gerald R. Ford. <a href="https://www.vaildaily.com/news/eagle-valley/gerald-r-ford-amphitheater-to-get-solar-panels/">instalar paneles solares recientemente</a> y recortaron 25% de su consumo de electricidad.</p>
<p><a href="https://www.holycross.com/brats" target="_blank" rel="noopener">Confirma tu asistencia AQUÍ</a></p>
